-2)). Let n(w) = 12*w - 108. Let j be n(9). Suppose 4*o - 73 + 17 = j. What is the highest common factor of o and s?
14
Let v = 44 - 36. Let m be 2/4 + 108/v + -2. What is the greatest common divisor of 324 and m?
12
Let d(m) = -m**2 + 14*m - 19. Let h = 28 + -22. Let j be d(h). Let o(p) = 10*p + 33. Let q be o(17). Calculate the highest common factor of j and q.
29
Let h(u) = 181*u**2 - 74*u - 242. Let p be h(-4). Calculate the greatest common divisor of 200 and p.
50
Suppose -3*y + u = 6*u - 7330, y - 5*u = 2450. Let b be (2/3)/((-10)/y). Let i = b - -306. What is the highest common factor of i and 13?
13
Let x be (-4)/((20/(-5))/8) + 1. Let p be (431 - 2)*(24/x + -2). Calculate the greatest common divisor of p and 26.
26
Let q(u) = u**3 - 6*u**2 - 41*u + 14. Let g be q(10). Suppose -2*t = g*p - 1638, p - 417 = -3*t - 0*t. Calculate the highest common divisor of 306 and p.
102
Let o be ((-128)/10 + 2)/(1/(-5)). Let w = 110 - o. Calculate the highest common divisor of 14 and w.
14
Let k be (2/((-48)/90))/((-30)/9000). What is the highest common divisor of 360 and k?
45
Suppose -5*f = 5*s - 25995, -3*s + 18*f = 22*f - 15594. Calculate the greatest common factor of 102 and s.
102
Let i be 88/72 + (-2)/9. Suppose 21 = 2*c - i. Suppose 0 = -3*x + c*x - 184. What is the greatest common factor of 69 and x?
23
Suppose -i = 4, u - 132 = -u - 3*i. Let j be 18/3*4/(-6). Let o = j - -112. What is the greatest common divisor of o and u?
36
Let k(w) = -50*w**3 + 4*w**2 - w - 1. Let u be k(1). Let d = 69 - u. What is the highest common factor of 39 and d?
39
Let w = 135 + -63. Let z(b) = 23*b - 242. Let l be z(11). Let r be (-18)/(-21)*(32 - l). Calculate the highest common divisor of w and r.
18
Let r(t) = 2*t**2 - 2*t + 5. Let a be r(2). Let h(q) = 2*q**2 + 48*q - 117. Let z be h(-27). Calculate the greatest common divisor of z and a.
9
Suppose -9*c - 705 - 870 = 0. Let z = c - -275. Calculate the greatest common factor of z and 120.
20
Let c = -215 + 226. Suppose -5*v = 3*s - 26, -c*s + 26 = -7*s - 2*v. Calculate the greatest common factor of 56 and s.
7
Let u be ((-17)/(-2) + -5)*72/14. Suppose l - 3*l = -u. Suppose l*m - 206 - 82 = 0. What is the highest common factor of 24 and m?
8
Suppose 7*j = 9*j + 4*r - 48, 2*r = j. What is the greatest common divisor of j and 244?
4
Suppose -104*u - 548 = -108*u. Let g = -55 + u. What is the highest common divisor of g and 41?
41
Suppose -d = -4*r + 6290, -58*d + 61*d = 6. Calculate the highest common factor of r and 39.
13
Let f = -498 + 388. Suppose 0 = 3*c - 321 - 471. Let b = f + c. Calculate the highest common factor of b and 14.
14
Suppose 97*o - 235 = -h + 96*o, -h = -3*o - 235. Let w(u) = u**3 + 11*u**2 + 6*u + 6. Let s be w(-4). Calculate the highest common divisor of s and h.
47
Suppose -11*q - 492 - 408 = -31*q. Calculate the highest common divisor of 420 and q.
15
Suppose -5*a = w + 1285, 0*a + 1285 = -5*a + w. Let s = -234 - a. What is the greatest common factor of 115 and s?
23
Let p be 26202/110 - (-2)/20*-2. Suppose 4*t + p = 11*t. Suppose -12 - t = -a. What is the highest common factor of a and 23?
23
Suppose 3*d = -15, 10*s - 2*d = 15*s - 35. Let k(p) = p**3 - 6*p**2 - 16*p - 75. Let b be k(s). Calculate the highest common divisor of b and 24.
24
Let a be ((-9)/12)/(57/(-152)). Let x be (21 - 20) + a + 28 + -1. Calculate the highest common divisor of 75 and x.
15
Suppose 653*b = 667*b - 15190. Calculate the greatest common factor of b and 70.
35
Let b be 123/3 - (-1)/(-1). Let z be 10/(((-2)/12)/(90/(-270))). Calculate the highest common divisor of b and z.
20
Suppose 5*t - g - 2*g = 290, 2*g + 234 = 4*t. Let s = -37 + t. Let q be (5/3)/((-5)/(-18)). What is the highest common factor of s and q?
6
Let o(v) = -v**3 - 8*v**2 - 19*v - 10. Let k(s) = 10*s + 44. Let a be k(-5). Let i be o(a). Let y = 12 - 8. Calculate the greatest common divisor of i and y.
4
Let z = -7745 + 7812. What is the highest common factor of 6700 and z?
67
Suppose -4*f = s - 29, -3*s - 4*f - 9 + 120 = 0. Suppose -5*a + 961 = 3*z - 658, 4*a + 1050 = 2*z. Calculate the greatest common divisor of z and s.
41
Suppose 2*y = -20*b + 16*b + 2970, 1495 = 2*b + 3*y. What is the greatest common divisor of b and 40?
20
Suppose -3*v - c = -428, -18*v - 452 = -21*v + 5*c. Calculate the greatest common divisor of 7056 and v.
144
Let r = 131 + -111. Let l = r - 55. Let u be 7*(900/l)/(-2). What is the greatest common factor of u and 60?
30
Suppose 33*k - 28*k + 20 = 0. Let g be (-195)/(-165) + k/22. What is the greatest common factor of 2 and g?
1
Suppose 13*m - 10*m - 9 = 0. Suppose 0 = -3*s + 3*k - m, 0 = 2*s + k + 4 - 14. What is the highest common divisor of 81 and s?
3
Let j = -7744 + 8026. Calculate the highest common factor of 24 and j.
6
Let g = 21 + -4. Let p be 1 + g/(-2)*(7 + -9). Let t be 96/p*15/4. What is the greatest common factor of t and 10?
10
Let l(w) = 10*w + 10. Let z be l(1). Suppose z*f = 54*f - 510. Suppose -4*s + 237 = 5*a, -5*s + 196 = 5*a - 44. What is the greatest common divisor of a and f?
15
Suppose 52*v - 3*v = 882. Let f = 493 - 187. Calculate the highest common factor of v and f.
18
Suppose 8 = m - 5*i + 4*i, i = 3. Suppose -133 - m = -4*u. Calculate the highest common divisor of u and 450.
18
Let s = -3562 + 3598. What is the greatest common divisor of 477 and s?
9
Suppose 5*d - n + 136 = 516, 285 = 4*d + 3*n. Let w = -32 + d. Suppose -4*y + 4*g + 62 = -2*y, w = y - 5*g. Calculate the highest common divisor of y and 115.
23
Suppose 784 = 15*l + l. Suppose 5*v = -2*j + l, 7*j - 4*v = 3*j + 84. Calculate the greatest common factor of j and 11.
11
Let l = 61677 - 61661. Suppose 4*q + c = 348, -2*q - 2*q + 3*c + 364 = 0. Calculate the highest common divisor of q and l.
8
Let n be 24738/(-124)*(-760)/10. Calculate the highest common divisor of n and 168.
42
Suppose -104*x + 214*x - 104*x - 14670 = 0. Calculate the highest common divisor of 60 and x.
15
Let i(c) = 5*c - 1. Let u be i(3). Let a be 4 + 1 - 7/21*-807. Let n = -260 + a. Calculate the greatest common factor of n and u.
14
Let n = -5800 + 5840. Suppose -g + 120 = -j, 5*g - 3*j - 696 = -96. What is the greatest common factor of g and n?
40
Suppose 47*r - 27534 - 16985 = 74626. What is the highest common factor of 78 and r?
39
Let f(b) be the second derivative of b**4/3 - 31*b**3/6 - 125*b**2/2 + b - 61. Let s be f(-4). Calculate the greatest common factor of s and 693.
63
Let s = 3156 + -3021. Calculate the highest common factor of s and 65.
5
Let a = 8508 - 6704. What is the highest common factor of 748 and a?
44
Suppose -4*g = -5*o + 1670 + 2500, -4*o - 5*g = -3336. Calculate the greatest common divisor of 12 and o.
6
Let g(w) = -w - 1. Let x be g(-2). Suppose -25 = -h - x. Let p(u) = 62*u - 1172. Let z be p(22). What is the greatest common factor of z and h?
24
Let p(d) = -22*d - 5. Let j be p(-3). Let n = -59 + j. Suppose 0 = -w - 5*g - 17 + n, 2*g = -8. Calculate the highest common factor of 25 and w.
5
Let f be 202/((-3 - -8)*(3 + 5341/(-1785))). What is the highest common factor of f and 51?
51
Let r be (-132710)/(-368) - (-9)/24. Calculate the highest common factor of r and 95.
19
Suppose -101*h + 5902 = 33*h - 30278. Calculate the highest common divisor of 6570 and h.
90
Suppose -4 - 12 = -3*l + 5*w, 4*l - 36 = 3*w. Let h be (-6)/l + (-122)/(-4). Let z = -586 + 596. Calculate the highest common divisor of h and z.
10
Let p(w) = 2*w**2 + 35*w + 255. Let o be p(-17). Let u = -50 - -84. What is the highest common factor of u and o?
34
Let s be 4 - (-5 - 0 - -5). Suppose -3*q = -2*d - q + 20, -2*d = s*q - 14. What is the highest common divisor of d and 1?
1
Let b = -792 + 1286. Let k = 564 - b. What is the greatest common divisor of 1190 and k?
70
Let a(l) = l**2 - 6*l + 10*l - 4 - l**3 - 3*l. Let o be a(0). Let i be 3/12 - 35/o. What is the highest common divisor of i and 72?
9
Let g be (2740/8)/((-30)/(-4) + -7). Calculate the greatest common divisor of g and 65.
5
Suppose 0 = -1502*i + 1682*i - 107100. Calculate the highest common factor of 136 and i.
17
Let b be (-1)/14 - ((-43248)/224 - -9). What is the greatest common divisor of 2668 and b?
92
Suppose -1138 = -9*c - 238. Calculate the highest common divisor of c and 1850.
50
Let w = -2